 = 19813 - 28409. What are the prime factors of c?
2, 7129
Let j be (-17)/(-8)*-58 - 6/8. Let w = -116 - j. Suppose -35 = -w*h + 1069. What are the prime factors of h?
2, 3, 23
Let t = -17 - -21. Let d be 2/((-8)/(-28)) - t. What are the prime factors of (-4*d)/((-12)/8)?
2
Let t = 31 + -13. Let a be -4 + 1*7 + 286/26. Let z = t + a. What are the prime factors of z?
2
Suppose 93*c - 74912 = 61*c. What are the prime factors of c?
2341
Suppose -4 = 3*u + 8, 0 = -2*l + 5*u + 13384. List the prime factors of l.
2, 13, 257
Let y be -3 + 2 + -2 + 3. Let t be 0 - y - (-1)/(3/342). What are the prime factors of 6*3/(-4)*t/(-9)?
3, 19
Let d(g) = g**3 - g**2 + 2*g - 19. Let n be d(3). Suppose -n*o - p = -4119, -5*o = 5*p + 236 - 4371. List the prime factors of o.
823
Let o(b) = 41*b**2 - 1. Let w(a) = -82*a**2 + 2. Let j(x) = 5*o(x) + 2*w(x). Let g(n) = -n**2 + 10*n - 15. Let c be g(8). What are the prime factors of j(c)?
2, 5
Suppose -23708 = -3*r - h, 4*r - 4*h - 31629 = -9*h. List the prime factors of r.
7901
Suppose 4*f = -4*p + 68, -3*p - 5*f - 23 = -68. Let s be (23 + -2)/(4/(-16)). Let l = p - s. What are the prime factors of l?
2, 13
Suppose -24*l = -3457 - 815. Suppose -148*y = -150*y + l. List the prime factors of y.
89
Suppose -7*k + 13657 = -5*k - u, 3*u = 3*k - 20487. List the prime factors of k.
2, 3, 569
Let m(d) = -186*d**2 + 1. Let b be m(-1). Let v = b - -281. Suppose -10*g = -13*g + v. What are the prime factors of g?
2
Let r(w) = 8*w - 1193. Let x be r(0). Let h = -692 - x. What are the prime factors of h?
3, 167
Suppose -21889 = -p - 2*j + 11803, 4*p + 3*j - 134748 = 0. What are the prime factors of p?
2, 3, 7, 401
Let j(s) = -6*s - 19. Let n be j(-5). Suppose -1371 - 1203 = -n*y. List the prime factors of y.
2, 3, 13
Let k(t) = -4*t**2 - 25*t - 3. Let f be k(-6). Suppose -30080 = -f*r - 13*r. What are the prime factors of r?
2, 5, 47
Let i(x) = 107*x**2 + 133*x - 1089. What are the prime factors of i(10)?
3, 7, 521
Suppose 4*z = -z + 9905. Suppose -z - 3434 = -15*s. List the prime factors of s.
19
Let j(b) = -58*b**3 - b**2 + 4*b + 52602. List the prime factors of j(0).
2, 3, 11, 797
What are the prime factors of ((-19)/19 - -4)*17775?
3, 5, 79
Suppose 142895 - 10158 = 2*a - j, -265519 = -4*a - 3*j. List the prime factors of a.
66373
Let c be (-7218)/(-24) + (-20)/(-16) - -2. Suppose -c = -3*v - v. List the prime factors of v.
2, 19
Let m be (-19)/((-1)/16*12/(-42)). Let y = -559 - m. What are the prime factors of y?
5, 101
Suppose -87141 + 95408 = -34*q + 231205. List the prime factors of q.
79, 83
Suppose -18 = -6*i + 12. Let m(u) = 3 + 5*u - 4 - 20*u**2 + i + 38*u**2. List the prime factors of m(-3).
151
List the prime factors of ((-402048)/14)/(-8) - 12/(-42).
2, 5, 359
Let v(b) = -211*b - b**2 + 15*b**2 + 19 + 107*b + 112*b - b**3. What are the prime factors of v(12)?
13, 31
Suppose 44065 = -47*g + 405025. List the prime factors of g.
2, 3, 5
Suppose -16*h + 9661 = -0*h - 3283. What are the prime factors of h?
809
List the prime factors of ((-648)/10)/(-5*4/550).
2, 3, 11
Let j(z) = 80*z**2 - 25*z + 363. What are the prime factors of j(12)?
3, 11, 13
Let k = 26 + -29. Let z be (-12)/(-9)*((-3699)/2)/k. Suppose h + 5*h = z. What are the prime factors of h?
137
Let o be 35/(((-12)/(-10))/(-6)). Let v = o + 220. List the prime factors of v.
3, 5
Suppose 5*m + 3*k = 16817, 4*m = 7*m - 5*k - 10097. What are the prime factors of m?
2, 29
Suppose 6*o + 4*o - 2240 = 0. Let c = o - -234. List the prime factors of c.
2, 229
Suppose 0 = -34*g + 57*g + 14214. Let o = 704 + g. List the prime factors of o.
2, 43
Let p(t) = -2*t**3 + 14*t**2 + 2*t - 12. Let r be p(7). Suppose -4*v + r*v + 2*q = -534, -5*v + 1335 = -q. List the prime factors of v.
3, 89
What are the prime factors of 6 + (420/(-168))/(1/(-2122))?
47, 113
Let x(u) = -2*u + 531. Let w be x(0). List the prime factors of (-6)/9*(0 - w).
2, 3, 59
Suppose 0 = -4*i + 12 + 8. Suppose 0*c = -i*c + 1145. Suppose c = 3*t + 58. What are the prime factors of t?
3, 19
Let l = -85 - -85. Let k be 185 + -4 + (4 - (l + 2)). Let m = 51 + k. List the prime factors of m.
2, 3, 13
Suppose -48*g + 46*g + 1120 = 0. Let f = -5 + g. What are the prime factors of f?
3, 5, 37
Suppose 0 = i + 6*i - 28. Suppose b = i*b - 363. Let n = -82 + b. What are the prime factors of n?
3, 13
Let c be (-6)/2 - (4 - 13). What are the prime factors of 1/((-5)/(c + -3686))?
2, 23
Suppose 21*o = 29*o - 8. List the prime factors of (-5)/(-2 + o) + (265 - -3).
3, 7, 13
Let j be ((2460/8)/3)/(1/24). Let k = -1681 + j. List the prime factors of k.
19, 41
Suppose -r - 301 = -k, 8*r + 3*k = 4*r - 1225. Suppose -128*f + 119*f = 1548. Let g = f - r. What are the prime factors of g?
2, 3, 11
Let u be 63/(-24) + 3 - (-81650)/80. Let o = u + -677. List the prime factors of o.
2, 43
Let s = 24903 + -13835. List the prime factors of s.
2, 2767
Suppose -5*f - 192 = 43. Let b = f - -51. Suppose 127 + 125 = b*j. List the prime factors of j.
3, 7
Let x(w) = -5*w - 13. Let n(j) = -36*j - 90. Let u(c) = 2*n(c) - 15*x(c). Let k be u(-8). What are the prime factors of (-8)/(-18) - 770/k?
2, 43
Suppose 5*r + z + 80 = 0, -5*z + 9 = -4*r - 26. List the prime factors of (2 - 219/(-6))/(r/(-120)).
2, 7, 11
Let d = -47 - -41. Let f be 320/(-15) - (-4)/d. What are the prime factors of (-2 + 7)*1/((-2)/f)?
5, 11
Let d(y) = 21*y**2 + 16*y**2 + 16*y**2 - 50*y**2 - 23*y - 5. List the prime factors of d(13).
7, 29
Let o(d) = 6*d + 118. Let c be o(-19). Suppose 0 = -4*t - 6*n + 7*n + 565, 571 = c*t + n. List the prime factors of t.
2, 71
Let i = -34 - -39. Suppose -6272 = -21*l + i*l. Let c = -180 + l. What are the prime factors of c?
2, 53
Let v(k) = -2 + 2 - 3. Let o(y) = 2*y + 6. Let f(u) = 3*o(u) + 3*v(u). What are the prime factors of f(4)?
3, 11
Let h = 2611 - -2184. List the prime factors of h.
5, 7, 137
Suppose 5*h = -3*q + 87429, -2*q - h = -0*h - 58286. List the prime factors of q.
151, 193
Let p = 1663 + -880. List the prime factors of p.
3, 29
Let u = -30 - -69. Let k be 657/u + 4/26. Suppose -16*l - 85 = -k*l. What are the prime factors of l?
5, 17
Let i = 240 + -230. Suppose -i*t = 11*t - 13734. What are the prime factors of t?
2, 3, 109
Let q = 127 - 118. Suppose q*l - 12236 = -10*l. List the prime factors of l.
2, 7, 23
Let a(k) = 8*k**2. Let y be a(-1). Let n(t) = -t**3 + 7*t**2 + 11*t - 2. Let u be n(y). Suppose c + u = 72. What are the prime factors of c?
2, 5
Let v(y) = y**3 + 21*y**2 + 20*y - 7. Let s be v(-20). Let m(x) = x**3 + 6*x**2 - 9*x - 23. Let z be m(s). List the prime factors of 0 - 0 - ((-13041)/(-7))/z.
3, 23
Let b = -70084 + 109292. List the prime factors of b.
2, 13, 29
Suppose 2*v - 3 = 5. Suppose -93 = -o + b + b, 376 = 4*o - v*b. Let x = o - -1. What are the prime factors of x?
2, 3
Let z(k) = 315*k**2 + 231*k + 1782. What are the prime factors of z(-8)?
2, 3, 17, 197
Let g = -32 - -37. Let h be (-4)/((-80)/(-84))*g. What are the prime factors of (h/14)/(3/(-178))?
89
Let z(x) = -3*x**3 - 13*x**2 + 31*x + 16. Let a(s) = -4*s**3 - 12*s**2 + 31*s + 17. Let v(q) = -2*a(q) + 3*z(q). List the prime factors of v(-18).
2, 107
Suppose -1413 = 5*u + 4*u. Let x = u - -546. List the prime factors of x.
389
Suppose 28 = -4*u + 40. Suppose 4*l - 3*l = u. Suppose l*s = -s - 12, -f + 71 = -5*s. What are the prime factors of f?
2, 7
Suppose 3*l + 918 = 6*l. Let t = -1602 + 1608. List the prime factors of (-16)/t*l/(-24).
2, 17
Let b(q) = 45 - 54*q**2 + 9*q - 53*q**2 + 108*q**2 + 52. What are the prime factors of b(-14)?
167
Suppose 5*q + 137 = 3*z, 2*q + 2*z - 58 = 4*q. Let s = -25 - q. Suppose -w + i = -s*w - 112, 4*w + i = 428. What are the prime factors of w?
2, 3
Suppose -239*d - 100240 = -243*d - 3*l, 2*d + 5*l - 50120 = 0. List the prime factors of d.
2, 5, 7, 179
Let f be 1*-7 + (16 - 7). Suppose 0 = -5*l - 15, l + 708 = d - f*l. What are the prime factors of d?
3, 233
Let x = -10882 - -26003. What are the prime factors of x?
15121
Let k(g) = -g**2 - 3*g + 7. Let n be k(-4). Suppose 2*j - 2*q - 17 = 21, n*j + 2*q - 52 = 0. What are the prime factors of (-1)/6 - (-165)/j?
3
What are the prime factors of ((-1735782)/(-48) - -4) + 2/(-16)?
2, 13, 107
Suppose 4*z - 176 = w + 3*w, -w = 3*z + 44. Let q(s) = -14*s. Let o be q(-